{"id":638,"date":"2023-07-11T10:38:36","date_gmt":"2023-07-11T10:38:36","guid":{"rendered":"http:\/\/193.194.89.189\/wp_lcpts\/?page_id=638"},"modified":"2023-09-04T10:17:18","modified_gmt":"2023-09-04T10:17:18","slug":"publications-internationales-12","status":"publish","type":"page","link":"https:\/\/lcpts.usthb.dz\/index.php\/publications-internationales-12\/","title":{"rendered":"Publications Internationales"},"content":{"rendered":"\n<p>H.Teffahi, Guerin, A.Djeradi\u00ab\u00a0SIMCV un simulateur analogue de la propagation du son dans le conduit vocal.\u00a0\u00bb Revue canadienne de physique, 2007, 85(12): 1325-1341<strong>, <\/strong><a href=\"https:\/\/doi.org\/10.1139\/p07-102\"><strong>https:\/\/doi.org\/10.1139\/p07-102<\/strong><\/a><\/p>\n\n\n\n<p>L.Falek, H.Teffahi, A.Djeradi\u00ab\u00a0Simulation d\u2019un mod\u00e8le de la source vocale et d\u00e9termination des param\u00e8tres de commande\u00a0\u00bbRevue canadienne de physique, 2009, 87(2): 111-116, <a href=\"https:\/\/doi.org\/10.1139\/P08-104\">https:\/\/doi.org\/10.1139\/P08-104<\/a><\/p>\n\n\n\n<p>L.Falek, H.Teffahi, R.Djeradi, A.Djeradi \u00ab\u00a0effets du debit sur les parametres acoustiques\u00a0 et temporels\u00a0 du signal de parole\u00a0\u00bb Journal of the Canadian Acoustical Association &#8211; Journal de l\u2019Association Canadienne d\u2019Acoustique. 3 &#8211; Vol. 37 No. 2 (juin 2009). <a href=\"https:\/\/jcaa.caa-aca.ca\/index.php\/jcaa\">https:\/\/jcaa.caa-aca.ca\/index.php\/jcaa<\/a><\/p>\n\n\n\n<p>\u201cFormantic Analysis of Speech Signal by Wavelet Transform\u201dAuthor: L. Falek &#8211; A. Amrouche &#8211; L. Fergani &#8211; H. Teffahi &#8211; A. Djeradi .Journal: Lecture Notes in Engineering and Computer Science.\u00a0 Year: 2011 Vol: 2191 Issue: 1 Pages\/record No.: 1572-1576<\/p>\n\n\n\n<p>Falek leila, Teffahi Hocine, Amar Djeradi &#8220;a study method of noise effect on the acoustic parameters of speech signal\u201d IEEE ICMCS 2012. Morocco Tanger. Publication Year: 2012\u00a0, Page(s): 136 \u2013 141. <a href=\"http:\/\/ieeexplore.ieee.org\/\">http:\/\/ieeexplore.ieee.org\/<\/a>.<\/p>\n\n\n\n<p>Falek Leila, Teffahi Hocine, Amar Djeradi. &#8221;\u00a0<a href=\"http:\/\/dl.acm.org\/citation.cfm?id=2352516.2352534&amp;coll=DL&amp;dl=GUIDE&amp;CFID=123303380&amp;CFTOKEN=84329578\">Methodology for acoustic characterization of a labial constraint in speech production<\/a>\u00a0&#8220;. ICSPS 2012 . Agadir Maroc .Juin 2012. Publisher:\u00a0Springer-Verlag. Pages 131-141\u00a0<a href=\"http:\/\/dl.acm.org\/\">http:\/\/dl.acm.org<\/a>. <a href=\"http:\/\/dl.acm.org\/citation.cfm?id=2352516&amp;picked=prox&amp;cfid=123303380&amp;cftoken=84329578\">table\u00a0of\u00a0contents<\/a>\u00a0ISBN: 978-3-642-31253-3\u00a0doi><a href=\"http:\/\/dx.doi.org\/10.1007\/978-3-642-31254-0_15\">10.1007\/978-3-642-31254-0_15<\/a>.<\/p>\n\n\n\n<p>Lyes Demri, Leila Falek, Hocine Teffahi and Amar Djeradi \u201cDetermination of variation ranges of the Psola transformation parameters by using their influence on the acoustic parameters of speech\u201d.LNIT (lecture note on information theory) journal, vol.2, No.1,\u00a0 Mars 2014.<\/p>\n\n\n\n<p>L.Falek, O.Bouferroum, A.Djeradi and H. Teffahi .\u00a0 \u00ab\u00a0Analysis and recognition of Arabic consonants using locus equations\u00a0\u00bb LNIT (lecture note on information theory) journal, vol.2, No.1, Mars 2014.<\/p>\n\n\n\n<p>Leila Falek; SlimaneMekaoui,\u00a0 HocineTeffahi and Amar Djeradi. \u201c Usage of a speech constraint for highlighting compensatory strategies developed in production of a second language\u201d. <a href=\"http:\/\/link.springer.com\/journal\/10772\">International Journal of Speech Technology<\/a> \u2013 Springer. DOI 10.1007\/s10772-014-9230-z. Print ISSN\u00a0: 1381-2416. Online ISSN\u00a0: 1572-8110. Publisher: Springer U.S.<\/p>\n\n\n\n<p>Aissa Amrouche, Leila Falek and Hocine Teffahi.\u00ab\u00a0Design and Implementation of a Diacritic Arabic Text-To-Speech System\u00a0\u00bb \u00a0The International Arab Journal of Information Technology (IAJIT)\u00a0. 2017 .\u00a0 <a href=\"https:\/\/iajit.org\/PDF\/%20Vol%2014,%20No.%204\/10086.pdf\">https:\/\/iajit.org\/PDF\/%20Vol%2014,%20No.%204\/10086.pdf<\/a><\/p>\n\n\n\n<p>L.Demri, L.Falek, H.Teffahi \u201cContribution to the creation of an Arabic expressive speech corpus\u201d\u00a0 acta acustica. united with acustica. The Journal of the European Acoustics Association (EAA) \u00b7 International Journal on Acoustics. Vol. 101 (2015) 1 \u2013 1. Received 24 June 2014,\u00a0 accepted 06 August 2015.<\/p>\n\n\n\n<p>R.Halimouche and H. Teffahi . \u201cDetecting Sentences Types in theStandardArabicLanguage\u201d. The International Arab Journal of Information Technology, Vol. 16, No. 5, September 2019, pp 914-921. <\/p>\n\n\n\n<p> <a href=\"https:\/\/iajit.org\/PDF\/September%202019,%20No.%205\/15637.pdf\">https:\/\/iajit.org\/PDF\/September%202019,%20No.%205\/15637.pdf<\/a><\/p>\n\n\n\n<p>L.Demri, L.Falek, H.Teffahi \u201cBuilding a pronunciationdictionary for the Kabyle language\u201d\u00a0\u00a0 SPECOM-2019. Published by Springer LNAI- Turkish\u00a0 -Lecture Notes in Computer Science book series (LNCS, volume 11658).\u00a0\u00a0\u00a0\u00a0\u00a0\u00a0 <a href=\"https:\/\/link.springer.com\/chapter\/10.1007\/978-3-030-26061-3_32\">https:\/\/link.springer.com\/chapter\/10.1007\/978-3-030-26061-3_32<\/a><\/p>\n\n\n\n<p>\u00a0K. Lounnas, M. Abbas, H . Teffahi and M. Lichouri . \u201cA Language Identification System Based on Voxforge Speech Corpus\u201d The International Conferenceon Advanced Machine Learning Technologies and Applications (AMLTA2019) . Published by\u00a0 Advances in Intelligent Systems and Computing-\u00a0 book series (AISC, volume 921)pp 529-534, Egypt\u00a0\u00a0\u00a0\u00a0 https:\/\/link.springer.com\/chapter\/10.1007\/978-3-030-14118-9_53<\/p>\n","protected":false},"excerpt":{"rendered":"<p>H.Teffahi, Guerin, A.Djeradi\u00ab\u00a0SIMCV un simulateur analogue de la propagation du son dans le conduit vocal.\u00a0\u00bb Revue canadienne de physique, 2007, 85(12): 1325-1341, https:\/\/doi.org\/10.1139\/p07-102 L.Falek, H.Teffahi, A.Djeradi\u00ab\u00a0Simulation d\u2019un mod\u00e8le de la source vocale et d\u00e9termination des param\u00e8tres de commande\u00a0\u00bbRevue canadienne de <span class=\"readmore\"><a href=\"https:\/\/lcpts.usthb.dz\/index.php\/publications-internationales-12\/\">Continue Reading<\/a><\/span><\/p>\n","protected":false},"author":1,"featured_media":0,"parent":0,"menu_order":0,"comment_status":"closed","ping_status":"closed","template":"","meta":[],"_links":{"self":[{"href":"https:\/\/lcpts.usthb.dz\/index.php\/wp-json\/wp\/v2\/pages\/638"}],"collection":[{"href":"https:\/\/lcpts.usthb.dz\/index.php\/wp-json\/wp\/v2\/pages"}],"about":[{"href":"https:\/\/lcpts.usthb.dz\/index.php\/wp-json\/wp\/v2\/types\/page"}],"author":[{"embeddable":true,"href":"https:\/\/lcpts.usthb.dz\/index.php\/wp-json\/wp\/v2\/users\/1"}],"replies":[{"embeddable":true,"href":"https:\/\/lcpts.usthb.dz\/index.php\/wp-json\/wp\/v2\/comments?post=638"}],"version-history":[{"count":2,"href":"https:\/\/lcpts.usthb.dz\/index.php\/wp-json\/wp\/v2\/pages\/638\/revisions"}],"predecessor-version":[{"id":670,"href":"https:\/\/lcpts.usthb.dz\/index.php\/wp-json\/wp\/v2\/pages\/638\/revisions\/670"}],"wp:attachment":[{"href":"https:\/\/lcpts.usthb.dz\/index.php\/wp-json\/wp\/v2\/media?parent=638"}],"curies":[{"name":"wp","href":"https:\/\/api.w.org\/{rel}","templated":true}]}}